greatest common factor of 78 and m.
26
Suppose 17*d = -18*d + 330 + 650. What is the highest common factor of d and 126?
14
Let o(b) = -46*b**2 - b. Let q be 19/17 + 4/(-34). Let v be o(q). Let u = v + 80. What is the greatest common factor of u and 22?
11
Let c(l) = -l**3 - 32*l**2 - 22*l + 29. Let i be c(-25). Let b be i/(-10)*(-50)/(-20). What is the highest common divisor of b and 73?
73
Suppose -3*o = -176 + 170. Suppose -o*h - 5*p = h - 52, h + 2*p = 19. Suppose -64 + 361 = 3*n. Calculate the highest common factor of h and n.
9
Let x = 3506 + -3030. What is the greatest common factor of 2996 and x?
28
Let r(l) = -l**3 - 21*l**2 - 38*l + 3. Let s be (5 - 4)*-38*3/6. Let y be r(s). Suppose 83 = 2*n + 17. What is the greatest common divisor of y and n?
3
Let t = 208 - 206. Suppose t*o + 5*n - 66 = 0, 2*o + 0*o - 58 = -n. Calculate the greatest common divisor of o and 364.
28
Let u = -23659 - -23851. Let g be 2*13 + (-12)/6. What is the greatest common factor of g and u?
24
Suppose -4*t = -3*r + 47, -r + 0*t = -3*t - 14. Let w(b) = -3*b + 24. Let d be w(7). Suppose 170 = -l + d*l. Calculate the greatest common divisor of l and r.
17
Let t be (-76)/(-1) + (-28)/(-8)*(-276)/(-483). Calculate the highest common factor of t and 1742.
26
Suppose 19*g - 33 = 5. Suppose 8*h = -g*h + 240. Let c(o) = o**2 + 2*o + 1. Let b be c(11). Calculate the highest common factor of h and b.
24
Let p be 12/6 + 2 + -3 + 1. Let b be 1 - 172/(-4) - p. What is the highest common factor of b and 98?
14
Let u = 125 + 161. Suppose 0 = -11*o - 44 + u. Suppose -p - 2*b = -4*b - 6, 0 = 2*p - 2*b - o. What is the greatest common factor of 56 and p?
8
Let q = 23 - 6. Suppose 0 = s + h - 183, 371 = 2*s - 19*h + 22*h. Suppose 3*w - s = -25. What is the highest common factor of q and w?
17
Let m(t) = 4*t**3 + 2*t**2 + t - 92. Let d be m(7). Calculate the greatest common factor of d and 5.
5
Suppose 483*k - 472*k = 7491. Calculate the greatest common divisor of 1 and k.
1
Let b = 9607 + -6554. Calculate the highest common factor of 71 and b.
71
Suppose 627 = -4*u - 585. Let y = 320 + u. What is the highest common divisor of y and 102?
17
Let x = 4 - 2. Let q(w) = -w**2 - w + 4. Let r be q(x). Let i(b) = -20*b - 4. Let p be i(r). What is the greatest common factor of p and 54?
18
Suppose -4*y - 10*l + 11*l - 432 = 0, 5*l = 4*y + 432. Let p = 218 + y. Let f be (-2)/7 - (-930)/21. Calculate the highest common divisor of f and p.
22
Let c = 33 - -35. Let x be 98/12 - (c/(-24) + 3). Suppose 0 = 4*i + 2*k - 194, 3*i + 0*k + 5*k = 149. Calculate the greatest common divisor of x and i.
8
Suppose -128 = 3*a + 379. Let t = a + 185. Calculate the highest common divisor of t and 64.
16
Let a be ((-3)/30*-128)/((-1)/(-520)). Calculate the greatest common divisor of 64 and a.
64
Let s(r) = -37*r + 1073. Let j be s(-57). Calculate the greatest common factor of 74 and j.
74
Let g be (-28 + 7583)*13*(-14)/(-35). What is the greatest common factor of g and 26?
26
Suppose -7*l = 13*l - 2440. Suppose 12*k - l + 74 = 0. Calculate the greatest common divisor of 480 and k.
4
Let w = 1521 - -99. What is the greatest common divisor of 72 and w?
36
Suppose -3*v + 3*t + 23 = -28, -1 = 2*v + 5*t. Suppose 335 = -48*l + 53*l. Suppose 1385 = 11*p - l. Calculate the highest common divisor of p and v.
12
Suppose 3573 = 5*l - 2*o, 9*l - 4*o + 2123 = 12*l. What is the highest common divisor of 62 and l?
31
Let m(u) = -6*u - 12. Let w be m(-4). Let x be 72*(32/w - 1). Suppose 5*h = -3*h + x. What is the highest common divisor of h and 30?
15
Suppose 122*q - 3965 + 199 = 21854. Let p be (0 - 18)*7/(-3). Calculate the highest common divisor of p and q.
42
Let h = -3992 + 4334. What is the highest common divisor of 102 and h?
6
Let a = 45 + -43. Suppose -a*d + 508 = -0*d. Let v = -168 + d. Calculate the greatest common divisor of v and 129.
43
Let x(t) = -10*t**2 + 12*t + 35 - 32 + 3*t**3 + 0*t. Let g be x(3). Calculate the highest common divisor of 90 and g.
30
Let j(y) = -3*y**2 + 24*y - 9. Let m be j(5). Calculate the greatest common divisor of m and 60.
12
Let r = 20 - 12. Let n = -299 - -309. Suppose -2*j = -y + n, 4*j = -2*y - 3*y + 8. What is the greatest common factor of r and y?
4
Let q be (-45)/5*(1 - 78/(-90)*-5). Calculate the greatest common divisor of 138 and q.
6
Let s = 17 - 15. Let l be s - 5/(-2)*10. Let w = 62 - l. Calculate the greatest common factor of w and 35.
35
Suppose 3*y + 9 - 30 = -2*j, j = 3*y - 12. Suppose -y*l = -27 + 2. What is the highest common factor of 15 and l?
5
Let g(l) = -60*l**3 + l**2 - l + 1. Let v be g(1). Let p = v - -55. Let h be (p/(-4))/(1/35). Calculate the greatest common factor of h and 70.
35
Let p = -410 + 443. Suppose -1548 = -p*b - 10*b. Calculate the highest common divisor of 27 and b.
9
Suppose 0 = 3*p + 205 - 184, -5*s + 123 = p. What is the highest common factor of 10634 and s?
26
Suppose 17*g = 13*g - m + 9241, -3*m - 4617 = -2*g. Calculate the greatest common factor of g and 22.
22
Let a(i) = -3*i**3 + i**2. Let q be a(1). Let b be (q - -3) + (-3)/(-1). Let g be 5376/(-2352)*(1 + (1 - 9)). What is the highest common factor of g and b?
4
Suppose o = 1, -5*g + 3*o = -0*o - 1047. Let h = g + -133. What is the greatest common divisor of 22 and h?
11
Let m(f) = 32*f**2 + 60*f - 8. Let i be m(-3). Calculate the greatest common divisor of i and 3450.
50
Suppose -388 = -192*h + 187*h - 158. What is the highest common factor of 34 and h?
2
Let a(m) = 2 + 109*m**2 - 8*m - 219*m**2 + 111*m**2 + 2. Let u be a(-8). Calculate the highest common divisor of 12 and u.
12
Suppose -9*r - r = -50. Suppose -r*g + 1127 + 1573 = 0. What is the highest common factor of 45 and g?
45
Suppose 11*c + 324 - 554 = 694. Suppose 3*o = 5*o + 6, -12 = -a - 3*o. Let g be (15 - -1)/(14/a). What is the highest common divisor of g and c?
12
Suppose -s + p + 1139 = s, -5*s + 5*p + 2860 = 0. Let t = -446 + s. What is the greatest common factor of 11 and t?
11
Let w be (-2)/5*(-7)/((-7)/(-5)). Suppose -w*c - 185 + 1390 = -5*a, -4 = -4*a. Calculate the highest common factor of c and 55.
55
Let k(r) = r**3 - 12*r**2 + 27*r + 42. Let i be k(8). Calculate the greatest common divisor of 224 and i.
2
Let d(b) = -b**3 - 66*b**2 + 206*b + 162. Let f be d(-69). What is the greatest common factor of 105 and f?
21
Let i = -105 + 135. Suppose 5*a = -4*u + 331, 5*a = 4*u + 329 - i. What is the highest common divisor of a and 63?
63
Let a(m) = -m**2 - 16*m - 7. Let f be a(-9). Suppose -10008 - 264 = -428*p. What is the greatest common factor of p and f?
8
Let w be -1 + 5/(5/41). Suppose -14 + 8 = -3*f. Suppose -f*g = 2, -3*m - 11*g + 93 = -8*g. What is the highest common factor of w and m?
8
Let w be (-5)/((-70)/104)*2450/140. What is the greatest common divisor of 70 and w?
10
Let u be (19 - (-633)/(-33)) + 37413/11 - 2. Calculate the highest common divisor of u and 429.
33
Let k(c) = -9*c - 178. Let l be k(-21). Suppose -l*i + 8*i + 300 = 0. Let r be (-102)/(-4) + 2/(-4). What is the highest common factor of r and i?
25
Let y = 776 + -583. Let t = 291 + y. Calculate the greatest common factor of 44 and t.
44
Let y = -324 + -298. Let q = y - -640. What is the greatest common divisor of q and 282?
6
Let x = -69 + 110. Suppose 0 = -4*f + 87 + x. Calculate the highest common divisor of 64 and f.
32
Let p be -2*107*13*7*(-1)/14. Calculate the greatest common factor of 117 and p.
13
Let n be (-6)/(-4) + -1 + 63/14. Suppose -3*h + 93 = -o, 2*o = n*h - 9*h + 134. What is the greatest common factor of 40 and h?
8
Let b = 513 - 297. Let u(f) = -9*f - 17. Let g be u(-12). Let z = g - 67. What is the greatest common divisor of z and b?
24
Suppose 10*h = 2*j + 12*h - 250, -627 = -5*j - 3*h. Suppose 2*c - 2*v = 3*c - 46, c - 5*v = 81. Calculate the greatest common divisor of j and c.
14
Let g be ((-226)/10)/(429/(-10725)). Calculate the greatest common factor of 339 and g.
113
Suppose 7*n - 29*n = 5456. Let a be 2/(n/1485 + 44/242). Calculate the greatest common factor of 5 and a.
5
Let z(j) = 19*j - 30. Let f be z(3). Suppose f*l - 37*l = -10. Calculate the highest common factor of l and 32.
1
Suppose 5*c - 25 = 10*c. Let p(f) = -f**2 - 8*f - 10. Let m be p(c). Suppose -3*l - 65 = -m*a + 2*l, 3*l = 15. What is the gr